{"id":327,"date":"2016-06-24T00:38:47","date_gmt":"2016-06-24T00:38:47","guid":{"rendered":"http:\/\/sw-themes.com\/porto_dummy\/?page_id=327"},"modified":"2016-06-24T00:38:47","modified_gmt":"2016-06-24T00:38:47","slug":"order-tracking","status":"publish","type":"page","link":"https:\/\/www.rkfestas.com.br\/?page_id=327","title":{"rendered":"Order Tracking"},"content":{"rendered":"<div class=\"woocommerce\">\r\n\r\n\t<form action=\"https:\/\/www.rkfestas.com.br\/?page_id=327\" method=\"post\" class=\"woocommerce-form woocommerce-form-track-order track_order\">\r\n\t\t\r\n\t\t\t\r\n\t\t\t<p>Para acompanhar o seu pedido, digite o ID do pedido na caixa abaixo e pressione o bot\u00e3o &quot;Rastrear&quot;. O ID do pedido foi informado em sua fatura e est\u00e1 no e-mail de confirma\u00e7\u00e3o que voc\u00ea deve ter recebido.<\/p>\r\n\r\n\t\t\t<p class=\"form-row\"><label class=\"mb-1 font-weight-medium\" for=\"orderid\">ID do pedido<\/label> <input class=\"input-text line-height-xl\" type=\"text\" name=\"orderid\" id=\"orderid\" value=\"\" placeholder=\"Encontrado no seu e-mail de confirma\u00e7\u00e3o do pedido.\" \/><\/p>\t\t\t<p class=\"form-row\"><label class=\"mb-1 font-weight-medium\" for=\"order_email\">E-mail de cobran\u00e7a<\/label> <input class=\"input-text line-height-xl\" type=\"text\" name=\"order_email\" id=\"order_email\" value=\"\" placeholder=\"E-mail utilizado durante a finaliza\u00e7\u00e3o de compra.\" \/><\/p>\t\t\t<div class=\"clear\"><\/div>\r\n\r\n\t\t\t\r\n\t\t\t<p class=\"form-row clearfix\"><button type=\"submit\" class=\"button btn-lg btn-v-dark px-5 py-3 text-md mt-2\" name=\"track\" value=\"Rastrear\">Rastrear<\/button><\/p>\r\n\t\t\t<input type=\"hidden\" id=\"woocommerce-order-tracking-nonce\" name=\"woocommerce-order-tracking-nonce\" value=\"c3fd442124\" \/><input type=\"hidden\" name=\"_wp_http_referer\" value=\"\/index.php?rest_route=%2Fwp%2Fv2%2Fpages%2F327\" \/>\r\n\t\t\t\t\t\r\n\t<\/form>\r\n\r\n<\/div>\n","protected":false},"excerpt":{"rendered":"","protected":false},"author":1,"featured_media":0,"parent":0,"menu_order":0,"comment_status":"closed","ping_status":"closed","template":"","meta":{"content-type":"","footnotes":""},"class_list":["post-327","page","type-page","status-publish","hentry"],"_links":{"self":[{"href":"https:\/\/www.rkfestas.com.br\/index.php?rest_route=\/wp\/v2\/pages\/327","targetHints":{"allow":["GET"]}}],"collection":[{"href":"https:\/\/www.rkfestas.com.br\/index.php?rest_route=\/wp\/v2\/pages"}],"about":[{"href":"https:\/\/www.rkfestas.com.br\/index.php?rest_route=\/wp\/v2\/types\/page"}],"author":[{"embeddable":true,"href":"https:\/\/www.rkfestas.com.br\/index.php?rest_route=\/wp\/v2\/users\/1"}],"replies":[{"embeddable":true,"href":"https:\/\/www.rkfestas.com.br\/index.php?rest_route=%2Fwp%2Fv2%2Fcomments&post=327"}],"version-history":[{"count":0,"href":"https:\/\/www.rkfestas.com.br\/index.php?rest_route=\/wp\/v2\/pages\/327\/revisions"}],"wp:attachment":[{"href":"https:\/\/www.rkfestas.com.br\/index.php?rest_route=%2Fwp%2Fv2%2Fmedia&parent=327"}],"curies":[{"name":"wp","href":"https:\/\/api.w.org\/{rel}","templated":true}]}}